{"id":4313,"date":"2025-11-12T17:21:35","date_gmt":"2025-11-12T17:21:35","guid":{"rendered":"https:\/\/vsseefeld-kadolz.ac.at\/?page_id=4313"},"modified":"2025-11-12T17:22:38","modified_gmt":"2025-11-12T17:22:38","slug":"barrierefreiheitserklaerung","status":"publish","type":"page","link":"https:\/\/vsseefeld-kadolz.ac.at\/?page_id=4313","title":{"rendered":"Barrierefreiheitserkl\u00e4rung"},"content":{"rendered":"<p><strong>Erkl\u00e4rung zur Barrierefreiheit<\/strong><\/p>\n<p>Das Institut des Bundes f\u00fcr Qualit\u00e4tssicherung im \u00f6sterreichischen Schulwesen (IQS)\u00a0ist bem\u00fcht,\u00a0seine Website im Einklang mit dem\u00a0<a class=\"link_text\" target=\"_blank\" href=\"https:\/\/www.ris.bka.gv.at\/GeltendeFassung.wxe?Abfrage=Bundesnormen&amp;Gesetzesnummer=20010727\">Web-Zug\u00e4nglichkeits-Gesetz (WZG) i. d. g. F<\/a>. zur Umsetzung der\u00a0<a class=\"link_text\" target=\"_blank\" href=\"https:\/\/eur-lex.europa.eu\/legal-content\/DE\/TXT\/?uri=CELEX:32016L2102\">Richtlinie (EU) 2016\/2102 des Europ\u00e4ischen Parlaments und des Rates vom 26. Oktober 2016 \u00fcber den barrierefreien Zugang zu den Websites und mobilen Anwendungen \u00f6ffentlicher Stellen<\/a>\u00a0(Amtsblatt L 327 vom 2.12.2016, S. 1) barrierefrei zug\u00e4nglich zu machen.<\/p>\n<p>Diese Erkl\u00e4rung zur Barrierefreiheit gilt f\u00fcr die Website www.vsseefeld-kadolz.ac.at.<\/p>\n<p><strong>Stand der Vereinbarkeit mit den Anforderungen<\/strong><\/p>\n<p>Diese Website ist wegen der folgenden Unvereinbarkeiten und Ausnahmen teilweise<em>\u00a0<\/em>mit<em>\u00a0<\/em><strong>Konformit\u00e4tsstufe AA der \u201eRichtlinien f\u00fcr barrierefreie Webinhalte Web \u2013\u00a0<\/strong><a class=\"link_text\" target=\"_blank\" href=\"https:\/\/www.w3.org\/TR\/WCAG21\/\"><strong>WCAG 2.1<\/strong><\/a><strong>\u201c<\/strong>\u00a0beziehungsweise mit dem geltenden Europ\u00e4ischen Standard EN 301 549 V2.1.2 (2018-08) vereinbar.<\/p>\n<p><strong>Nicht barrierefreie Inhalte<\/strong><\/p>\n<p>Die nachstehend aufgef\u00fchrten Inhalte sind aus den folgenden Gr\u00fcnden nicht barrierefrei:<\/p>\n<p><strong>Die Inhalte fallen nicht in den Anwendungsbereich der anwendbaren Rechtsvorschriften<\/strong><\/p>\n<p>Viele vorwiegend \u00e4ltere PDF-Dokumente und Office-Dokumente sind nicht barrierefrei. Beispielsweise sind PDF-Dokumente nicht getaggt, sodass sie von Screenreader-Benutzern nicht oder nur unzureichend erfasst und genutzt werden k\u00f6nnen. Damit ist das WCAG-Erfolgskriterium 4.1.2 (Name, Rolle, Wert) nicht erf\u00fcllt.<\/p>\n<p>Teilen Sie uns bitte mit, wenn Sie Schwierigkeiten mit konkreten Dokumenten haben. Wir bereiten den Inhalt auf Anfrage barrierefrei auf und tauschen die Dokumente infolge aus beziehungsweise erg\u00e4nzen diese um barrierefreie Alternativen. Bei neuen Dokumenten bem\u00fchen wir uns, diese vor Ver\u00f6ffentlichung barrierefrei nach WCAG 2.1 und PDF\/UA-konform aufzubereiten. Ver\u00f6ffentlichung von nicht barrierefreien Dokumenten, beispielsweise Druckversionen, werden als solche gekennzeichnet.<\/p>\n<p>Inhalte von Dritten, beispielsweise Studien oder Pr\u00e4sentationsmaterialien von externen Vortragenden, die nicht im Einflussbereich des IQS liegen, sind von der Richtlinie (EU) 2016\/2102 ausgenommen. F\u00fcr diese Inhalte Dritter kann bez\u00fcglich Vereinbarkeit mit Barrierefreiheitsbestimmungen keine Aussage getroffen werden.<\/p>\n<p><strong>Feedback und Kontaktangaben<\/strong><\/p>\n<p>Sollten Ihnen Barrieren auffallen, die Sie an der Benutzung unserer Website behindern, so bitten wir Sie, uns diese per E-Mail mitzuteilen.<\/p>\n<p>Wir werden Ihre Anfrage pr\u00fcfen und Sie ehestm\u00f6glich kontaktieren.<\/p>\n<p>S\u00e4mtliche Mitteilungen und Anregungen senden Sie uns bitte an 310311@noeschule.at mit dem Betreff \u201eMeldung einer Barriere in der Webseite www.vsseefeld-kadolz.ac.at\u201c. Bitte beschreiben Sie das Problem und f\u00fchren Sie die URL(s) der betroffenen Webseite an.<\/p>\n<p><strong>Kontakt:<\/strong><\/p>\n<p>VS Seefeld-Kadolz<br \/>\n2062 Gro\u00dfkadolz 114<br \/>\nTelefon: 02943\/2406<br \/>\nMail: 310311@noe.at<\/p>\n<p><strong>Durchsetzungsverfahren<\/strong><\/p>\n<p>Bei nicht zufriedenstellenden Antworten aus oben genannter Kontaktm\u00f6glichkeit k\u00f6nnen Sie sich mittels Beschwerde an die \u00d6sterreichische Forschungsf\u00f6rderungsgesellschaft mit beschr\u00e4nkter Haftung (FFG) wenden. Die FFG nimmt \u00fcber das Kontaktformular Beschwerden auf elektronischem Weg entgegen.<\/p>\n<p><a class=\"link_text\" target=\"_blank\" href=\"https:\/\/www.ffg.at\/form\/kontaktformular-beschwerdestelle\">Kontaktformular der Beschwerdestelle<\/a><\/p>\n<p>&nbsp;<\/p>\n<p>Die Beschwerden werden von der FFG dahingehend gepr\u00fcft, ob sie sich auf Verst\u00f6\u00dfe gegen die Vorgaben des Web-Zug\u00e4nglichkeits-Gesetzes, insbesondere M\u00e4ngel bei der Einhaltung der Barrierefreiheitsanforderungen, durch den Bund oder einer ihm zuordenbaren Einrichtung beziehen.<\/p>\n<p>Sofern die Beschwerde berechtigt ist, hat die FFG dem Bund oder den betroffenen Rechtstr\u00e4gern Handlungsempfehlungen auszusprechen und Ma\u00dfnahmen vorzuschlagen, die der Beseitigung der vorliegenden M\u00e4ngel dienen.<\/p>\n<p><a class=\"link_text\" target=\"_blank\" href=\"https:\/\/eur-lex.europa.eu\/legal-content\/DE\/TXT\/?uri=CELEX:32016L2102\">Weitere Informationen zum Beschwerdeverfahren<\/a><\/p>\n","protected":false},"excerpt":{"rendered":"<p>Erkl\u00e4rung zur Barrierefreiheit Das Institut des Bundes f\u00fcr Qualit\u00e4tssicherung im \u00f6sterreichischen Schulwesen (IQS)\u00a0ist bem\u00fcht,\u00a0seine Website im Einklang mit dem\u00a0Web-Zug\u00e4nglichkeits-Gesetz (WZG) i. d. g. F. zur Umsetzung der\u00a0Richtlinie (EU) 2016\/2102 des Europ\u00e4ischen Parlaments und des Rates vom 26. Oktober 2016 \u00fcber den barrierefreien Zugang zu den Websites und mobilen Anwendungen \u00f6ffentlicher Stellen\u00a0(Amtsblatt L 327 vom 2.12.2016, &hellip; <a href=\"https:\/\/vsseefeld-kadolz.ac.at\/?page_id=4313\" class=\"more-link\"><span class=\"screen-reader-text\">Barrierefreiheitserkl\u00e4rung<\/span> weiterlesen <span class=\"meta-nav\">&rarr;<\/span><\/a><\/p>\n","protected":false},"author":2,"featured_media":0,"parent":0,"menu_order":0,"comment_status":"closed","ping_status":"closed","template":"","meta":{"footnotes":""},"class_list":["post-4313","page","type-page","status-publish","hentry"],"yoast_head":"<!-- This site is optimized with the Yoast SEO plugin v26.2 - https:\/\/yoast.com\/wordpress\/plugins\/seo\/ -->\n<title>Barrierefreiheitserkl\u00e4rung - VS Seefeld-Kadolz<\/title>\n<meta name=\"robots\" content=\"index, follow, max-snippet:-1, max-image-preview:large, max-video-preview:-1\" \/>\n<link rel=\"canonical\" href=\"https:\/\/vsseefeld-kadolz.ac.at\/?page_id=4313\" \/>\n<meta property=\"og:locale\" content=\"de_DE\" \/>\n<meta property=\"og:type\" content=\"article\" \/>\n<meta property=\"og:title\" content=\"Barrierefreiheitserkl\u00e4rung - VS Seefeld-Kadolz\" \/>\n<meta property=\"og:description\" content=\"Erkl\u00e4rung zur Barrierefreiheit Das Institut des Bundes f\u00fcr Qualit\u00e4tssicherung im \u00f6sterreichischen Schulwesen (IQS)\u00a0ist bem\u00fcht,\u00a0seine Website im Einklang mit dem\u00a0Web-Zug\u00e4nglichkeits-Gesetz (WZG) i. d. g. F. zur Umsetzung der\u00a0Richtlinie (EU) 2016\/2102 des Europ\u00e4ischen Parlaments und des Rates vom 26. Oktober 2016 \u00fcber den barrierefreien Zugang zu den Websites und mobilen Anwendungen \u00f6ffentlicher Stellen\u00a0(Amtsblatt L 327 vom 2.12.2016, &hellip; Barrierefreiheitserkl\u00e4rung weiterlesen &rarr;\" \/>\n<meta property=\"og:url\" content=\"https:\/\/vsseefeld-kadolz.ac.at\/?page_id=4313\" \/>\n<meta property=\"og:site_name\" content=\"VS Seefeld-Kadolz\" \/>\n<meta property=\"article:modified_time\" content=\"2025-11-12T17:22:38+00:00\" \/>\n<meta name=\"twitter:card\" content=\"summary_large_image\" \/>\n<meta name=\"twitter:label1\" content=\"Gesch\u00e4tzte Lesezeit\" \/>\n\t<meta name=\"twitter:data1\" content=\"3\u00a0Minuten\" \/>\n<script type=\"application\/ld+json\" class=\"yoast-schema-graph\">{\"@context\":\"https:\/\/schema.org\",\"@graph\":[{\"@type\":\"WebPage\",\"@id\":\"https:\/\/vsseefeld-kadolz.ac.at\/?page_id=4313\",\"url\":\"https:\/\/vsseefeld-kadolz.ac.at\/?page_id=4313\",\"name\":\"Barrierefreiheitserkl\u00e4rung - VS Seefeld-Kadolz\",\"isPartOf\":{\"@id\":\"https:\/\/vsseefeld-kadolz.ac.at\/#website\"},\"datePublished\":\"2025-11-12T17:21:35+00:00\",\"dateModified\":\"2025-11-12T17:22:38+00:00\",\"breadcrumb\":{\"@id\":\"https:\/\/vsseefeld-kadolz.ac.at\/?page_id=4313#breadcrumb\"},\"inLanguage\":\"de\",\"potentialAction\":[{\"@type\":\"ReadAction\",\"target\":[\"https:\/\/vsseefeld-kadolz.ac.at\/?page_id=4313\"]}]},{\"@type\":\"BreadcrumbList\",\"@id\":\"https:\/\/vsseefeld-kadolz.ac.at\/?page_id=4313#breadcrumb\",\"itemListElement\":[{\"@type\":\"ListItem\",\"position\":1,\"name\":\"Home\",\"item\":\"https:\/\/vsseefeld-kadolz.ac.at\/\"},{\"@type\":\"ListItem\",\"position\":2,\"name\":\"Barrierefreiheitserkl\u00e4rung\"}]},{\"@type\":\"WebSite\",\"@id\":\"https:\/\/vsseefeld-kadolz.ac.at\/#website\",\"url\":\"https:\/\/vsseefeld-kadolz.ac.at\/\",\"name\":\"VS Seefeld-Kadolz\",\"description\":\"\",\"potentialAction\":[{\"@type\":\"SearchAction\",\"target\":{\"@type\":\"EntryPoint\",\"urlTemplate\":\"https:\/\/vsseefeld-kadolz.ac.at\/?s={search_term_string}\"},\"query-input\":{\"@type\":\"PropertyValueSpecification\",\"valueRequired\":true,\"valueName\":\"search_term_string\"}}],\"inLanguage\":\"de\"}]}<\/script>\n<!-- \/ Yoast SEO plugin. -->","yoast_head_json":{"title":"Barrierefreiheitserkl\u00e4rung - VS Seefeld-Kadolz","robots":{"index":"index","follow":"follow","max-snippet":"max-snippet:-1","max-image-preview":"max-image-preview:large","max-video-preview":"max-video-preview:-1"},"canonical":"https:\/\/vsseefeld-kadolz.ac.at\/?page_id=4313","og_locale":"de_DE","og_type":"article","og_title":"Barrierefreiheitserkl\u00e4rung - VS Seefeld-Kadolz","og_description":"Erkl\u00e4rung zur Barrierefreiheit Das Institut des Bundes f\u00fcr Qualit\u00e4tssicherung im \u00f6sterreichischen Schulwesen (IQS)\u00a0ist bem\u00fcht,\u00a0seine Website im Einklang mit dem\u00a0Web-Zug\u00e4nglichkeits-Gesetz (WZG) i. d. g. F. zur Umsetzung der\u00a0Richtlinie (EU) 2016\/2102 des Europ\u00e4ischen Parlaments und des Rates vom 26. Oktober 2016 \u00fcber den barrierefreien Zugang zu den Websites und mobilen Anwendungen \u00f6ffentlicher Stellen\u00a0(Amtsblatt L 327 vom 2.12.2016, &hellip; Barrierefreiheitserkl\u00e4rung weiterlesen &rarr;","og_url":"https:\/\/vsseefeld-kadolz.ac.at\/?page_id=4313","og_site_name":"VS Seefeld-Kadolz","article_modified_time":"2025-11-12T17:22:38+00:00","twitter_card":"summary_large_image","twitter_misc":{"Gesch\u00e4tzte Lesezeit":"3\u00a0Minuten"},"schema":{"@context":"https:\/\/schema.org","@graph":[{"@type":"WebPage","@id":"https:\/\/vsseefeld-kadolz.ac.at\/?page_id=4313","url":"https:\/\/vsseefeld-kadolz.ac.at\/?page_id=4313","name":"Barrierefreiheitserkl\u00e4rung - VS Seefeld-Kadolz","isPartOf":{"@id":"https:\/\/vsseefeld-kadolz.ac.at\/#website"},"datePublished":"2025-11-12T17:21:35+00:00","dateModified":"2025-11-12T17:22:38+00:00","breadcrumb":{"@id":"https:\/\/vsseefeld-kadolz.ac.at\/?page_id=4313#breadcrumb"},"inLanguage":"de","potentialAction":[{"@type":"ReadAction","target":["https:\/\/vsseefeld-kadolz.ac.at\/?page_id=4313"]}]},{"@type":"BreadcrumbList","@id":"https:\/\/vsseefeld-kadolz.ac.at\/?page_id=4313#breadcrumb","itemListElement":[{"@type":"ListItem","position":1,"name":"Home","item":"https:\/\/vsseefeld-kadolz.ac.at\/"},{"@type":"ListItem","position":2,"name":"Barrierefreiheitserkl\u00e4rung"}]},{"@type":"WebSite","@id":"https:\/\/vsseefeld-kadolz.ac.at\/#website","url":"https:\/\/vsseefeld-kadolz.ac.at\/","name":"VS Seefeld-Kadolz","description":"","potentialAction":[{"@type":"SearchAction","target":{"@type":"EntryPoint","urlTemplate":"https:\/\/vsseefeld-kadolz.ac.at\/?s={search_term_string}"},"query-input":{"@type":"PropertyValueSpecification","valueRequired":true,"valueName":"search_term_string"}}],"inLanguage":"de"}]}},"_links":{"self":[{"href":"https:\/\/vsseefeld-kadolz.ac.at\/index.php?rest_route=\/wp\/v2\/pages\/4313","targetHints":{"allow":["GET"]}}],"collection":[{"href":"https:\/\/vsseefeld-kadolz.ac.at\/index.php?rest_route=\/wp\/v2\/pages"}],"about":[{"href":"https:\/\/vsseefeld-kadolz.ac.at\/index.php?rest_route=\/wp\/v2\/types\/page"}],"author":[{"embeddable":true,"href":"https:\/\/vsseefeld-kadolz.ac.at\/index.php?rest_route=\/wp\/v2\/users\/2"}],"replies":[{"embeddable":true,"href":"https:\/\/vsseefeld-kadolz.ac.at\/index.php?rest_route=%2Fwp%2Fv2%2Fcomments&post=4313"}],"version-history":[{"count":3,"href":"https:\/\/vsseefeld-kadolz.ac.at\/index.php?rest_route=\/wp\/v2\/pages\/4313\/revisions"}],"predecessor-version":[{"id":4316,"href":"https:\/\/vsseefeld-kadolz.ac.at\/index.php?rest_route=\/wp\/v2\/pages\/4313\/revisions\/4316"}],"wp:attachment":[{"href":"https:\/\/vsseefeld-kadolz.ac.at\/index.php?rest_route=%2Fwp%2Fv2%2Fmedia&parent=4313"}],"curies":[{"name":"wp","href":"https:\/\/api.w.org\/{rel}","templated":true}]}}