{"id":11,"date":"2013-07-07T19:39:54","date_gmt":"2013-07-07T19:39:54","guid":{"rendered":"http:\/\/vsseefeld-kadolz.ac.at\/?page_id=11"},"modified":"2025-10-22T19:19:30","modified_gmt":"2025-10-22T19:19:30","slug":"kontakt","status":"publish","type":"page","link":"https:\/\/vsseefeld-kadolz.ac.at\/?page_id=11","title":{"rendered":"Kontakt"},"content":{"rendered":"<p><span style=\"font-family: 'trebuchet ms', 'geneva';\">Volksschule Seefeld-Kadolz<a class=\"link_text\" target=\"_blank\" href=\"https:\/\/vsseefeld-kadolz.ac.at\/wp-content\/uploads\/2025\/10\/Vs.Seefe_.G.Kado_.26-3.jpg\"><img loading=\"lazy\" decoding=\"async\" class=\"alignright wp-image-4308 size-medium\" src=\"https:\/\/vsseefeld-kadolz.ac.at\/wp-content\/uploads\/2025\/10\/Vs.Seefe_.G.Kado_.26-3-214x300.jpg\" alt=\"\" width=\"214\" height=\"300\" srcset=\"https:\/\/vsseefeld-kadolz.ac.at\/wp-content\/uploads\/2025\/10\/Vs.Seefe_.G.Kado_.26-3-214x300.jpg 214w, https:\/\/vsseefeld-kadolz.ac.at\/wp-content\/uploads\/2025\/10\/Vs.Seefe_.G.Kado_.26-3-731x1024.jpg 731w, https:\/\/vsseefeld-kadolz.ac.at\/wp-content\/uploads\/2025\/10\/Vs.Seefe_.G.Kado_.26-3-768x1075.jpg 768w, https:\/\/vsseefeld-kadolz.ac.at\/wp-content\/uploads\/2025\/10\/Vs.Seefe_.G.Kado_.26-3-1097x1536.jpg 1097w, https:\/\/vsseefeld-kadolz.ac.at\/wp-content\/uploads\/2025\/10\/Vs.Seefe_.G.Kado_.26-3-1463x2048.jpg 1463w, https:\/\/vsseefeld-kadolz.ac.at\/wp-content\/uploads\/2025\/10\/Vs.Seefe_.G.Kado_.26-3.jpg 1500w\" sizes=\"auto, (max-width: 214px) 100vw, 214px\" \/><\/a><\/span><br \/>\n<span style=\"font-family: 'trebuchet ms', 'geneva';\">\u00a02062 Gro\u00dfkadolz 114<\/span><\/p>\n<p style=\"text-align: right;\">\n<p><span style=\"font-family: 'trebuchet ms', 'geneva';\">Schulleitung: VOL Sabine Steinacher, MEd.<br \/>\n<\/span><\/p>\n<p><span style=\"font-family: 'trebuchet ms', 'geneva';\">Telefon: 02943\/2406<\/span><\/p>\n<p><span style=\"font-family: trebuchet ms,geneva,sans-serif;\">Mail: 310311@noeschule.at<\/span><\/p>\n<p>&nbsp;<\/p>\n<p style=\"text-align: right;\">\n<p>I<span style=\"font-family: trebuchet ms,geneva;\">mpressum: <\/span><\/p>\n<p><strong>Diese Homepage ist ein Informationsmedium der VS Seefeld-Kadolz<\/strong><\/p>\n<p>&nbsp;<\/p>\n<p><strong>Copyright<\/strong><\/p>\n<p><span style=\"font-family: trebuchet ms,geneva;\">Alle Rechte vorbehalten!<\/span><br \/>\n<span style=\"font-family: trebuchet ms,geneva;\"> Die Vervielf\u00e4ltigung von Texten und Daten, einschlie\u00dflich Speicherung und Nutzung auf optischen und elektronischen Datentr\u00e4gern, ist nur mit vorheriger Zustimmung des Webmasters gestattet. Die Verwertung von Daten inklusive Einspeisung in Online-Dienste, Databases oder Web Sites durch unberechtigte Dritte ist untersagt.<\/span><br \/>\n<span style=\"font-family: trebuchet ms,geneva;\"> Bei namentlich gekennzeichneten Fotos liegen die Verwertungsrechte beim Fotografen, nicht gekennzeichnete Fotos sind Eigentum der VS Seefeld-Kadolz. Der Kontakt zu den Urhebern kann \u00fcber den Webmaster hergestellt werden.<\/span><br \/>\n<span style=\"font-family: trebuchet ms,geneva;\"> Wir sind bem\u00fcht, stets die Urheberrechte anderer zu beachten bzw. auf selbst erstellte sowie lizenzfreie Werke zur\u00fcckzugreifen.<\/span><br \/>\n<span style=\"font-family: trebuchet ms,geneva;\"> Die erstellten Inhalte und Werke auf diesen Seiten unterliegen dem \u00f6sterreichischen Urheberrecht. Beitr\u00e4ge Dritter sind als solche gekennzeichnet. Die Vervielf\u00e4ltigung, Bearbeitung, Verbreitung und jede Art der Verwertung au\u00dferhalb der Grenzen des Urheberrechtes bed\u00fcrfen der schriftlichen Zustimmung des jeweiligen Autors bzw. Erstellers. Downloads und Kopien dieser Seite sind nur f\u00fcr den privaten, nicht kommerziellen Gebrauch gestattet.<\/span><\/p>\n<p><span style=\"font-size: 12pt;\"><strong>Haftungsausschluss<\/strong><\/span><span style=\"font-family: trebuchet ms,geneva;\"><span style=\"font-size: 12pt;\"><strong><br \/>\n<\/strong><\/span>Wir haften nicht f\u00fcr Sch\u00e4den, die aus inkorrekten oder versp\u00e4teten Inhalten oder aus Handlungen resultieren, die im Vertrauen auf die Richtigkeit des Inhaltes get\u00e4tigt wurden. Die auf dieser Website oder in Bezug habenden Dokumenten enthaltenen Informationen stellen keine Rechts- oder Anlageberatung sondern lediglich eine Information dar.<\/span><br \/>\n<span style=\"font-family: trebuchet ms,geneva;\"> Der Betreiber dieser Seite distanziert sich aus rechtlichen Gr\u00fcnden ausdr\u00fccklich vom Inhalt aller extern verlinkter Seiten und \u00fcbernimmt keinerlei Haftung f\u00fcr deren Inhalt.<\/span><br \/>\n<span style=\"font-family: trebuchet ms,geneva;\"> F\u00fcr die Inhalte der verlinkten Seiten ist stets der jeweilige Anbieter oder Betreiber der Seiten verantwortlich. Die verlinkten Seiten wurden zum Zeitpunkt der Verlinkung auf m\u00f6gliche Rechtsverst\u00f6\u00dfe \u00fcberpr\u00fcft. Rechtswidrige Inhalte waren zum Zeitpunkt der Verlinkung nicht erkennbar. Eine permanente inhaltliche Kontrolle der verlinkten Seiten ist jedoch ohne konkrete Anhaltspunkte einer Rechtsverletzung nicht zumutbar. Bei Bekanntwerden von Rechtsverletzungen werden wir derartige Links umgehend entfernen.<\/span><\/p>\n<p><span style=\"font-family: trebuchet ms,geneva;\">Verantwortlich f\u00fcr den Inhalt<\/span><br \/>\n<span style=\"font-family: trebuchet ms,geneva;\"><strong>Volksschule Seefeld-Kadolz<\/strong><\/span><\/p>\n<p><span style=\"font-family: trebuchet ms,geneva;\">Teilweise vom kostenlosen Disclaimer http:\/\/www.e-recht24.de\/muster-disclaimer.htm \u00fcbernommen.<\/span><\/p>\n","protected":false},"excerpt":{"rendered":"<p>Volksschule Seefeld-Kadolz \u00a02062 Gro\u00dfkadolz 114 Schulleitung: VOL Sabine Steinacher, MEd. Telefon: 02943\/2406 Mail: 310311@noeschule.at &nbsp; Impressum: Diese Homepage ist ein Informationsmedium der VS Seefeld-Kadolz &nbsp; Copyright Alle Rechte vorbehalten! Die Vervielf\u00e4ltigung von Texten und Daten, einschlie\u00dflich Speicherung und Nutzung auf optischen und elektronischen Datentr\u00e4gern, ist nur mit vorheriger Zustimmung des Webmasters gestattet. Die Verwertung von &hellip; <a href=\"https:\/\/vsseefeld-kadolz.ac.at\/?page_id=11\" class=\"more-link\"><span class=\"screen-reader-text\">Kontakt<\/span> weiterlesen <span class=\"meta-nav\">&rarr;<\/span><\/a><\/p>\n","protected":false},"author":1,"featured_media":0,"parent":0,"menu_order":0,"comment_status":"closed","ping_status":"closed","template":"","meta":{"footnotes":""},"class_list":["post-11","page","type-page","status-publish","hentry"],"yoast_head":"<!-- This site is optimized with the Yoast SEO plugin v26.2 - https:\/\/yoast.com\/wordpress\/plugins\/seo\/ -->\n<title>Kontakt - VS Seefeld-Kadolz<\/title>\n<meta name=\"robots\" content=\"index, follow, max-snippet:-1, max-image-preview:large, max-video-preview:-1\" \/>\n<link rel=\"canonical\" href=\"https:\/\/vsseefeld-kadolz.ac.at\/?page_id=11\" \/>\n<meta property=\"og:locale\" content=\"de_DE\" \/>\n<meta property=\"og:type\" content=\"article\" \/>\n<meta property=\"og:title\" content=\"Kontakt - VS Seefeld-Kadolz\" \/>\n<meta property=\"og:description\" content=\"Volksschule Seefeld-Kadolz \u00a02062 Gro\u00dfkadolz 114 Schulleitung: VOL Sabine Steinacher, MEd. Telefon: 02943\/2406 Mail: 310311@noeschule.at &nbsp; Impressum: Diese Homepage ist ein Informationsmedium der VS Seefeld-Kadolz &nbsp; Copyright Alle Rechte vorbehalten! Die Vervielf\u00e4ltigung von Texten und Daten, einschlie\u00dflich Speicherung und Nutzung auf optischen und elektronischen Datentr\u00e4gern, ist nur mit vorheriger Zustimmung des Webmasters gestattet. Die Verwertung von &hellip; Kontakt weiterlesen &rarr;\" \/>\n<meta property=\"og:url\" content=\"https:\/\/vsseefeld-kadolz.ac.at\/?page_id=11\" \/>\n<meta property=\"og:site_name\" content=\"VS Seefeld-Kadolz\" \/>\n<meta property=\"article:modified_time\" content=\"2025-10-22T19:19:30+00:00\" \/>\n<meta property=\"og:image\" content=\"https:\/\/vsseefeld-kadolz.ac.at\/wp-content\/uploads\/2025\/10\/Vs.Seefe_.G.Kado_.26-3-731x1024.jpg\" \/>\n\t<meta property=\"og:image:width\" content=\"731\" \/>\n\t<meta property=\"og:image:height\" content=\"1024\" \/>\n\t<meta property=\"og:image:type\" content=\"image\/jpeg\" \/>\n<meta name=\"twitter:card\" content=\"summary_large_image\" \/>\n<meta name=\"twitter:label1\" content=\"Gesch\u00e4tzte Lesezeit\" \/>\n\t<meta name=\"twitter:data1\" content=\"2\u00a0Minuten\" \/>\n<script type=\"application\/ld+json\" class=\"yoast-schema-graph\">{\"@context\":\"https:\/\/schema.org\",\"@graph\":[{\"@type\":\"WebPage\",\"@id\":\"https:\/\/vsseefeld-kadolz.ac.at\/?page_id=11\",\"url\":\"https:\/\/vsseefeld-kadolz.ac.at\/?page_id=11\",\"name\":\"Kontakt - VS Seefeld-Kadolz\",\"isPartOf\":{\"@id\":\"https:\/\/vsseefeld-kadolz.ac.at\/#website\"},\"primaryImageOfPage\":{\"@id\":\"https:\/\/vsseefeld-kadolz.ac.at\/?page_id=11#primaryimage\"},\"image\":{\"@id\":\"https:\/\/vsseefeld-kadolz.ac.at\/?page_id=11#primaryimage\"},\"thumbnailUrl\":\"https:\/\/vsseefeld-kadolz.ac.at\/wp-content\/uploads\/2025\/10\/Vs.Seefe_.G.Kado_.26-3-214x300.jpg\",\"datePublished\":\"2013-07-07T19:39:54+00:00\",\"dateModified\":\"2025-10-22T19:19:30+00:00\",\"breadcrumb\":{\"@id\":\"https:\/\/vsseefeld-kadolz.ac.at\/?page_id=11#breadcrumb\"},\"inLanguage\":\"de\",\"potentialAction\":[{\"@type\":\"ReadAction\",\"target\":[\"https:\/\/vsseefeld-kadolz.ac.at\/?page_id=11\"]}]},{\"@type\":\"ImageObject\",\"inLanguage\":\"de\",\"@id\":\"https:\/\/vsseefeld-kadolz.ac.at\/?page_id=11#primaryimage\",\"url\":\"https:\/\/vsseefeld-kadolz.ac.at\/wp-content\/uploads\/2025\/10\/Vs.Seefe_.G.Kado_.26-3.jpg\",\"contentUrl\":\"https:\/\/vsseefeld-kadolz.ac.at\/wp-content\/uploads\/2025\/10\/Vs.Seefe_.G.Kado_.26-3.jpg\",\"width\":1500,\"height\":2100},{\"@type\":\"BreadcrumbList\",\"@id\":\"https:\/\/vsseefeld-kadolz.ac.at\/?page_id=11#breadcrumb\",\"itemListElement\":[{\"@type\":\"ListItem\",\"position\":1,\"name\":\"Home\",\"item\":\"https:\/\/vsseefeld-kadolz.ac.at\/\"},{\"@type\":\"ListItem\",\"position\":2,\"name\":\"Kontakt\"}]},{\"@type\":\"WebSite\",\"@id\":\"https:\/\/vsseefeld-kadolz.ac.at\/#website\",\"url\":\"https:\/\/vsseefeld-kadolz.ac.at\/\",\"name\":\"VS Seefeld-Kadolz\",\"description\":\"\",\"potentialAction\":[{\"@type\":\"SearchAction\",\"target\":{\"@type\":\"EntryPoint\",\"urlTemplate\":\"https:\/\/vsseefeld-kadolz.ac.at\/?s={search_term_string}\"},\"query-input\":{\"@type\":\"PropertyValueSpecification\",\"valueRequired\":true,\"valueName\":\"search_term_string\"}}],\"inLanguage\":\"de\"}]}<\/script>\n<!-- \/ Yoast SEO plugin. -->","yoast_head_json":{"title":"Kontakt - VS Seefeld-Kadolz","robots":{"index":"index","follow":"follow","max-snippet":"max-snippet:-1","max-image-preview":"max-image-preview:large","max-video-preview":"max-video-preview:-1"},"canonical":"https:\/\/vsseefeld-kadolz.ac.at\/?page_id=11","og_locale":"de_DE","og_type":"article","og_title":"Kontakt - VS Seefeld-Kadolz","og_description":"Volksschule Seefeld-Kadolz \u00a02062 Gro\u00dfkadolz 114 Schulleitung: VOL Sabine Steinacher, MEd. Telefon: 02943\/2406 Mail: 310311@noeschule.at &nbsp; Impressum: Diese Homepage ist ein Informationsmedium der VS Seefeld-Kadolz &nbsp; Copyright Alle Rechte vorbehalten! Die Vervielf\u00e4ltigung von Texten und Daten, einschlie\u00dflich Speicherung und Nutzung auf optischen und elektronischen Datentr\u00e4gern, ist nur mit vorheriger Zustimmung des Webmasters gestattet. Die Verwertung von &hellip; Kontakt weiterlesen &rarr;","og_url":"https:\/\/vsseefeld-kadolz.ac.at\/?page_id=11","og_site_name":"VS Seefeld-Kadolz","article_modified_time":"2025-10-22T19:19:30+00:00","og_image":[{"width":731,"height":1024,"url":"https:\/\/vsseefeld-kadolz.ac.at\/wp-content\/uploads\/2025\/10\/Vs.Seefe_.G.Kado_.26-3-731x1024.jpg","type":"image\/jpeg"}],"twitter_card":"summary_large_image","twitter_misc":{"Gesch\u00e4tzte Lesezeit":"2\u00a0Minuten"},"schema":{"@context":"https:\/\/schema.org","@graph":[{"@type":"WebPage","@id":"https:\/\/vsseefeld-kadolz.ac.at\/?page_id=11","url":"https:\/\/vsseefeld-kadolz.ac.at\/?page_id=11","name":"Kontakt - VS Seefeld-Kadolz","isPartOf":{"@id":"https:\/\/vsseefeld-kadolz.ac.at\/#website"},"primaryImageOfPage":{"@id":"https:\/\/vsseefeld-kadolz.ac.at\/?page_id=11#primaryimage"},"image":{"@id":"https:\/\/vsseefeld-kadolz.ac.at\/?page_id=11#primaryimage"},"thumbnailUrl":"https:\/\/vsseefeld-kadolz.ac.at\/wp-content\/uploads\/2025\/10\/Vs.Seefe_.G.Kado_.26-3-214x300.jpg","datePublished":"2013-07-07T19:39:54+00:00","dateModified":"2025-10-22T19:19:30+00:00","breadcrumb":{"@id":"https:\/\/vsseefeld-kadolz.ac.at\/?page_id=11#breadcrumb"},"inLanguage":"de","potentialAction":[{"@type":"ReadAction","target":["https:\/\/vsseefeld-kadolz.ac.at\/?page_id=11"]}]},{"@type":"ImageObject","inLanguage":"de","@id":"https:\/\/vsseefeld-kadolz.ac.at\/?page_id=11#primaryimage","url":"https:\/\/vsseefeld-kadolz.ac.at\/wp-content\/uploads\/2025\/10\/Vs.Seefe_.G.Kado_.26-3.jpg","contentUrl":"https:\/\/vsseefeld-kadolz.ac.at\/wp-content\/uploads\/2025\/10\/Vs.Seefe_.G.Kado_.26-3.jpg","width":1500,"height":2100},{"@type":"BreadcrumbList","@id":"https:\/\/vsseefeld-kadolz.ac.at\/?page_id=11#breadcrumb","itemListElement":[{"@type":"ListItem","position":1,"name":"Home","item":"https:\/\/vsseefeld-kadolz.ac.at\/"},{"@type":"ListItem","position":2,"name":"Kontakt"}]},{"@type":"WebSite","@id":"https:\/\/vsseefeld-kadolz.ac.at\/#website","url":"https:\/\/vsseefeld-kadolz.ac.at\/","name":"VS Seefeld-Kadolz","description":"","potentialAction":[{"@type":"SearchAction","target":{"@type":"EntryPoint","urlTemplate":"https:\/\/vsseefeld-kadolz.ac.at\/?s={search_term_string}"},"query-input":{"@type":"PropertyValueSpecification","valueRequired":true,"valueName":"search_term_string"}}],"inLanguage":"de"}]}},"_links":{"self":[{"href":"https:\/\/vsseefeld-kadolz.ac.at\/index.php?rest_route=\/wp\/v2\/pages\/11","targetHints":{"allow":["GET"]}}],"collection":[{"href":"https:\/\/vsseefeld-kadolz.ac.at\/index.php?rest_route=\/wp\/v2\/pages"}],"about":[{"href":"https:\/\/vsseefeld-kadolz.ac.at\/index.php?rest_route=\/wp\/v2\/types\/page"}],"author":[{"embeddable":true,"href":"https:\/\/vsseefeld-kadolz.ac.at\/index.php?rest_route=\/wp\/v2\/users\/1"}],"replies":[{"embeddable":true,"href":"https:\/\/vsseefeld-kadolz.ac.at\/index.php?rest_route=%2Fwp%2Fv2%2Fcomments&post=11"}],"version-history":[{"count":29,"href":"https:\/\/vsseefeld-kadolz.ac.at\/index.php?rest_route=\/wp\/v2\/pages\/11\/revisions"}],"predecessor-version":[{"id":4309,"href":"https:\/\/vsseefeld-kadolz.ac.at\/index.php?rest_route=\/wp\/v2\/pages\/11\/revisions\/4309"}],"wp:attachment":[{"href":"https:\/\/vsseefeld-kadolz.ac.at\/index.php?rest_route=%2Fwp%2Fv2%2Fmedia&parent=11"}],"curies":[{"name":"wp","href":"https:\/\/api.w.org\/{rel}","templated":true}]}}